154*n + 152*n, 5*n + 4*l - 212929 = 0. What is the ten thousands digit of n?
4
Let f = 95 + -93. Suppose -3*g - 3*c = -6*g - 54, -g = f*c + 12. Let z(j) = -7*j - 33. What is the units digit of z(g)?
9
Let f = -323 + 293. What is the thousands digit of f*(3 - (-255)/(-6))?
1
Let y = 175875 - 123297. What is the thousands digit of y?
2
Suppose -9*j = -5*j - 4*b + 116, 120 = -4*j + 2*b. Let v = -21 - j. What is the units digit of -4 + (774/v - (-24)/40)?
4
Let l be ((-1911)/(-105) - 2/10) + -4. Let j = 242 - l. What is the tens digit of j?
2
Let f(p) = 6675*p**2 - 307*p - 611. What is the hundreds digit of f(-2)?
7
Suppose -l - 105*a = -108*a - 13228, -3*a = 2*l - 26429. What is the tens digit of l?
1
Let r(s) = -84*s - 7. Let c(f) = -127*f - 11. Let o(m) = 5*c(m) - 8*r(m). Let t be o(5). Suppose t = 2*b - 92. What is the units digit of b?
9
Let g(l) = 198*l**2 - 54*l + 106. Suppose 6*x + 32 = 22*x. What is the units digit of g(x)?
0
Let b(l) = 2*l**2 - 12*l - 8. Let o(m) = m + 8. Let w be o(-6). Suppose -4*h + 28 = w*a, -3*h + 20 = -3*a - 19. What is the units digit of b(h)?
6
Let n be (527/(-68))/(2*(-2)/96). Let t = n - 126. What is the units digit of t?
0
Suppose 9*m - 651384 = -25*m + 454160. What is the thousands digit of m?
2
Let y(b) = 12*b**3 - 4*b + 3. Suppose -30*o + 32 = -58. What is the units digit of y(o)?
5
Let x = 684 - 1280. What is the tens digit of 2 + -6 + x/(-2)?
9
Suppose -5*v - 5*i = 325, -i + 59 = -0*v - v. Suppose 0 = 4*b - b - 360. Let o = v + b. What is the units digit of o?
8
Let d be (33/6 - 1 - 4)*-2. Let z be (3/(-2))/((-15)/20). What is the hundreds digit of (-108)/(d/1) + z?
1
Suppose 2499*y - 158663 = -5*f + 2496*y, -2*y = -5*f + 158658. What is the ten thousands digit of f?
3
Let d be (1524/(-36))/(3/9). Let w = d - -629. What is the tens digit of w?
0
What is the tens digit of 16/3*((-77286)/(-132) - (-2)/8)?
2
Let y = 7 - 12. Let t(o) be the second derivative of o**4/2 + 3*o**3/2 + 4*o**2 - 548*o. What is the units digit of t(y)?
3
Suppose -3*l = 2*v + 57, -5*l - 91 = v + v. Let n(s) = -s**2 - 15*s + 58. Let w be n(l). What is the units digit of 3 + w - (-1 - 3)?
1
Suppose 9*h + 23 = -22. Let o be (-6)/4*2 + h - -4. What is the tens digit of (1 - 4)*(-50 + 2 + o)?
5
Suppose 0 = -15*i + 35290 + 48005. What is the tens digit of i?
5
Let s(l) = 2*l**3 - l + 4. Let f be s(-2). Let g be 30/12*((-12)/f - 2). What is the units digit of (2/(-4) - 0)/(g/1132)?
3
Suppose 4*g - 21184 = 4*y, -g + 63*y + 5278 = 65*y. What is the thousands digit of g?
5
Suppose -5*s + p = 1111, 2*s + 2*s + 5*p + 883 = 0. Let c = s - -324. Let u = c + -58. What is the units digit of u?
4
Suppose -1261*o + 1186*o = -634391 - 1354534. What is the tens digit of o?
1
Let t(l) = l**3 + 5*l**2 + 4*l + 1. Let n be t(-4). Suppose 4*m = -3*q + 36, -q = -4*m + n + 3. Suppose -q*u + 1410 = 378. What is the units digit of u?
9
Suppose -7*c + 0*c + 8512 = -499597. What is the thousands digit of c?
2
Let o = 107018 + -62263. What is the tens digit of o?
5
Let i(f) = -3*f**3 - 8*f**2 + 115*f + 1041. What is the hundreds digit of i(-25)?
0
Suppose 0 = -3*l + 2*j + 15307, -31*j = l - 28*j - 5095. What is the hundreds digit of l?
1
Suppose 7*t = -4*w + 42757, 252*t - 247*t + 53350 = 5*w. What is the ten thousands digit of w?
1
Let r be ((-225)/((-2)/(-2)))/(189/(-252)). Suppose 0 = -5*v - 4*i + 1481, 3*v = 4*i + 563 + r. What is the tens digit of v?
9
Suppose 0 = 11*q - 33*q - 242. Let v(m) = -7*m - 76. Let l be v(q). Let f(p) = 192*p + 4. What is the units digit of f(l)?
6
Suppose -2*x = -10*x + 48. What is the tens digit of (-5)/10*x - -436?
3
Let t = 268 + -381. Suppose 159 = -5*b - 16. Let y = b - t. What is the units digit of y?
8
Let p = 248 - 239. Suppose 22*v - 4550 = p*v. What is the hundreds digit of v?
3
Suppose -2*k - 3*l = l + 12, 5*l + 14 = -3*k. Suppose -5*x + 1106 = k*x. What is the tens digit of x?
5
Let m = -136 - -140. Suppose -l = -s, 0 = 2*l + l - 4*s + m. Suppose 0 = l*t + o + 2*o - 1150, 0 = 4*o - 8. What is the hundreds digit of t?
2
Let i(q) = -3*q - 79 + 133 - 66. Let r be i(-5). What is the units digit of r/(-2)*2 - -53?
0
Suppose -215355 = 756*u - 377*u - 386*u. What is the ten thousands digit of u?
3
Let t be (-2)/14 - (-213)/21. Suppose t = u - 109. Let y = u - 44. What is the tens digit of y?
7
Let i = 100 - 97. Suppose 5*v + i*s = -277 + 1141, 170 = v + 2*s. What is the units digit of v?
4
Suppose -4*u + 2*q = -60, 0 = -u - 0*q + 5*q + 6. Suppose u*w - 5*w = 55. Suppose -w*f - 4*j = -819, -4*f - j = -3*j - 676. What is the tens digit of f?
6
Let f = 28 - -876. What is the tens digit of f?
0
Let p(i) = -i**2 + 5*i + 7. Let k be p(5). Suppose -5*r = -k*r + 10. Suppose r*j - 8*j = -231. What is the tens digit of j?
7
Let t = 372 + -224. Suppose a = -b - 23 + t, -a + 251 = 2*b. What is the tens digit of b?
2
Let n = -41 + 41. Let r be (1 - n)/((-2)/(-10)). Suppose -218 = -2*o - 0*o + l, -5*o = r*l - 560. What is the units digit of o?
0
Let z = -2422 - -1728. Let p = z - -1256. What is the units digit of p?
2
Let u(p) = -25*p**2 - 6*p + 7. Let o be u(2). Let z = o + 94. What is the units digit of 185/2 + z/(-22)?
3
Suppose -75*c - 59908 = -250783. What is the units digit of c?
5
Let a be 3/(1/10*6). Suppose -a*t + 4049 = -3*k, 17 - 21 = -2*k. What is the hundreds digit of t?
8
Let u(v) = -53*v - 5. Let o be u(-2). Suppose 2*c - o = -q, 2*q = 15*c - 17*c + 208. What is the units digit of q?
7
Suppose -191 = 3*s - 4*i, 4*s - 3*i + 25 = -218. Suppose 0*g = 5*g - 25, 4*g = -r + 17. What is the units digit of -1 - (s + (-3 - r))?
6
What is the tens digit of (-46 + 50)/(6/65115)?
1
What is the hundreds digit of 3565*(-3 - 63/(-15))?
2
Let h be (-6)/12*2*(-2 + -1). Suppose -4*b + 117 = -h*b. Let q = b + -5. What is the tens digit of q?
1
Let f(v) be the second derivative of v**4/12 + 10*v**3/3 - 16*v. Let o = -31 + 8. What is the tens digit of f(o)?
6
Suppose 0 = -5*c - 2*o + 2580, 0 = -3*c - 25*o + 29*o + 1574. What is the tens digit of c?
1
Let q be (-11 + 2157)*((-3)/(-2))/(-3). Let b = q + 2400. What is the units digit of b?
7
Suppose 0 = 10*v + v + 77. Let d be 145/(-10)*v*(0 - -2). Suppose p = -2*r + 324, 4*r - d = -p + 449. What is the units digit of r?
4
Let q(c) = c**3 - 6*c**2 - c + 11. Let f be q(6). Suppose -4*g - 4*b + 528 = 0, 2*g + f*b = b + 268. What is the tens digit of g?
3
Suppose 4*o = -f + 8 - 11, 0 = 2*o + 5*f + 15. Suppose y - 17*y + 5472 = o. What is the hundreds digit of y?
3
Suppose 5*o = 11*o + 2051 - 30047. What is the units digit of o?
6
Let j be -3 - 2/(0 - 8/1180). Suppose 0 = -3*h + 5*u - 0*u + j, -5*h + 464 = 3*u. Let b = h - 64. What is the units digit of b?
0
Suppose 0*w - w + 1 = -3*q, 23 = 3*q + 5*w. Let g(c) = q + 0 + 2 + 45*c - 8. What is the units digit of g(2)?
5
Let i = -194 + 198. Suppose -i*f = -k - 0*k - 1880, 2*f - 958 = 5*k. What is the tens digit of f?
6
Let a = -17333 - -25160. What is the tens digit of a?
2
Let j(b) = -26*b - 5. Let q(a) = 19*a + 12. Let y(g) = -18*g - 13. Let m(u) = 7*q(u) + 6*y(u). Let k(n) = 5*j(n) + 6*m(n). What is the hundreds digit of k(5)?
1
Suppose 0*z - 4*z = -192. Let j be z/(-32) - 1243/(-2). What is the units digit of (j/100)/(1/5)?
1
Let g(d) be the second derivative of -d**4/6 + d**3/2 - d**2/2 - 6*d. Let h be g(1). Suppose h = 3*o - 100 - 455. What is the hundreds digit of o?
1
Let g(a) = 1. Let x(z) = z**2 - 7*z + 11. Let w(q) = 6*g(q) - x(q). Let y be w(2). Suppose -y*m = 3*m - 176. What is the units digit of m?
2
Let x(t) = -31*t + 167. Let r(h) = 5*h - 26. Let l(a) = -13*r(a) - 2*x(a). Let i be (-1)/2 + (-10)/4. What is the tens digit of l(i)?
1
Let n(v) = 4*v - 90. Let m be n(22). What is the hundreds digit of (-8596)/(-21) + 10/6 + m?
4
Let j(k) be the second derivative of -5*k**3/6 - 9*k**2/2 + 31*k. What is the units digit of j(-16)?
1
Let i(y) = y**2 - 26*y + 677. What is the tens digit of i(-36)?
0
Suppose -3*k - 4*a + 23 = 0, 4*k = a + 23 - 5. Suppose 2*v - 5414 = -k*n, 2174 = 2*n + 6*v - v. What is the units digit of n?
2
Suppose -6*b + 127794 = -3*l, 0 = -5*l + 23 - 3. What is the units digit of b?
1
Let i = 39 - -71. Let b = 5 + i. What is the hundreds digit of b?
1
Suppose -y + 19 + 6945 = 5*w, 2*w = -2. What is the hundreds digit of y?
9
